9). Calculate the greatest common factor of r and 24.
24
Let a(i) = 0*i - i + 36 + 0*i - 3*i. Let p be a(5). What is the highest common divisor of p and 40?
8
Let h(b) be the third derivative of b**5/60 + 5*b**4/6 - 29*b**3/6 - 13*b**2. Let w be h(-23). Calculate the highest common factor of w and 8.
8
Let y(s) = s**3 + 15*s**2 + 17. Let i be y(-15). Let c(w) = -w**3 + 17*w**2 + w - 6. Let x be c(i). Calculate the greatest common factor of 11 and x.
11
Let l = 226 + -193. Calculate the greatest common factor of 627 and l.
33
Let d(c) = c**3 + 6*c**2 - 7. Let w be 2/(6/(-15)) + 0. Let s(i) = 2*i + 5. Let l be s(w). Let z be d(l). Calculate the greatest common divisor of z and 144.
18
Suppose -3*l - 2 - 13 = 0, -4*l - 160 = -7*j. Let b(n) = 181*n**2 - 1. Let u be b(1). Calculate the highest common divisor of u and j.
20
Let g = 108 - 5. Let h = 233 - g. What is the greatest common factor of h and 13?
13
Let z be (2 - -14*1) + 0. Suppose -5*s + 43 + 37 = 0. Suppose 0 = 4*m - 0 - s. What is the highest common divisor of z and m?
4
Suppose 11 = -g - 3. Let h be 3*20/(-15)*g. What is the greatest common factor of h and 7?
7
Suppose 4*h - 31*m + 35*m - 240 = 0, -288 = -5*h - 2*m. Calculate the highest common divisor of h and 154.
14
Let z be 900/32 - (-14)/(-112). Calculate the greatest common divisor of 196 and z.
28
Suppose -5*l = -10*l + 5*y + 315, -2*l + 4*y + 132 = 0. Calculate the greatest common divisor of 1280 and l.
20
Suppose v - 4*w = 168, 4*v + 3*w - 4*w - 642 = 0. What is the highest common divisor of 20 and v?
20
Let n = -175 - -177. What is the highest common factor of n and 8?
2
Let s be 2268/90 - 7/((-140)/(-24)). Let w(t) = -t + 216. Let c be w(0). Calculate the greatest common divisor of c and s.
24
Suppose -495 = -31*h + 26*h. Calculate the highest common factor of h and 207.
9
Let w = 71 - 72. Let b be ((-8)/3 - -2)*6/w. What is the greatest common divisor of 1 and b?
1
Let s = -3 + 3. Let n(y) = 7*y - 18. Let c(q) = -38*q + 90. Let k(v) = -2*c(v) - 11*n(v). Let d be k(s). Calculate the highest common factor of d and 18.
18
Suppose -2*o = -4*y + 1228, 5*y - 1528 = -o - 0*o. Suppose 2*b = -65 + 101. Calculate the highest common factor of y and b.
18
Let p be (12/(-14))/((-1)/168). Let s = 99 + -54. Let d = s + -29. What is the highest common divisor of d and p?
16
Let y be (-4)/9 + 928/(-18). Let a = 73 + y. Calculate the greatest common factor of 231 and a.
21
Let i be (67311/18)/9*4. What is the highest common divisor of i and 6?
6
Let z = 1251 + 250. What is the highest common factor of z and 79?
79
Suppose -40 + 35 = 5*r. Let h = r - -4. Calculate the greatest common factor of 27 and h.
3
Suppose 5 = 4*c - 3. Let j(h) be the second derivative of -h**3/2 + 7*h**2 + h. Let w be j(4). Calculate the highest common divisor of w and c.
2
Let a(j) = -j. Let t be a(6). Let y(c) = -c**3 - 7*c**2 - 6*c + 6. Let x be y(t). Suppose -x*u = -9*u + 108. What is the greatest common divisor of 24 and u?
12
Suppose o + 2*a - 6 = 0, 4*o - 19 = -2*a - a. Suppose o*m = m + 27. Let s = 476 - 440. What is the greatest common factor of s and m?
9
Let g(v) = -v**2 + 4*v + 3. Let x be g(4). Let p be 13/39 - (-26)/x. What is the greatest common factor of p and 90?
9
Suppose 7*c = 2*c + 195. Suppose 2*q - 9 = c. Let j(z) = 15*z**2 + z - 2. Let f be j(2). Calculate the greatest common factor of q and f.
12
Let z be ((-126)/10)/(5 - (-704)/(-140)). Calculate the greatest common factor of z and 9.
9
Let p(c) = c - 5. Suppose 2*r = -0*r + 18. Let g be p(r). Suppose -y = 5*l - 73, -58 = -g*l - l + 4*y. Calculate the highest common factor of 28 and l.
14
Suppose -5*u + u + 12 = 0. Let l be (1 - 34)/((-1)/u). Let f be (-22)/(-4)*15/((-30)/(-4)). Calculate the greatest common divisor of f and l.
11
Let s(o) = 16*o - o**2 + 185 + 0*o**2 - 193. Let l be s(12). Calculate the greatest common factor of l and 280.
40
Let z be (-258)/12 + 6/4. Let l be (3 - 1)/(z/(-30)). Calculate the greatest common factor of 12 and l.
3
Suppose 383 - 23 = z. Calculate the greatest common divisor of 144 and z.
72
Suppose -10*j = -5*j - 280. Calculate the highest common factor of 504 and j.
56
Let r(w) = 319*w**3 + w**2 - 7*w + 6. Let z be r(1). What is the greatest common factor of 22 and z?
11
Let j be 17/((-85)/(-50)) - -2. What is the highest common divisor of 66 and j?
6
Suppose 0 = -4*u + 2*d + 4, 11 = 5*u - 4*d - 0. Let g be 4 + -7 - (u - 17). Let i = 7 - 2. Calculate the highest common factor of i and g.
5
Let b = -52 - -65. Suppose -j - 2*j - 114 = -3*k, 4*j + 155 = 5*k. Let q = 43 - j. Calculate the greatest common factor of b and q.
13
Suppose -2*a = 2*a - l - 40, -l + 14 = 2*a. Suppose 0 = -a*m + 12*m - 24. What is the greatest common divisor of m and 8?
8
Suppose 3*k + 37 = 208. Let p be k/18 - (-2)/(-12). Suppose p + 12 = r. Calculate the highest common factor of 3 and r.
3
Let w = 114 + 15. Calculate the greatest common factor of w and 3741.
129
Suppose -5*p - 126 = -161. Suppose p*i + 0*i - 84 = 0. Let a be (-4)/(-2) - 1*-2. Calculate the greatest common factor of i and a.
4
Let c(g) be the second derivative of g**4/4 + g**3 - g**2/2 + 6*g. Let q be c(-3). Let w be 8/28 - 162/(-21). Calculate the highest common factor of q and w.
8
Let v be 100/(-75) - 304/(-12). Calculate the highest common divisor of 1272 and v.
24
Let a(p) = 2*p - 5. Let g be a(3). Suppose 2*n + g = 3*n. Suppose 0 = -y - n + 3. Calculate the highest common factor of 16 and y.
2
Suppose -4*v + 60 = y, -4 = v + 3*y + 2*y. What is the highest common divisor of 512 and v?
16
Let b = -36 + 93. Let j = 94 - b. Let u = j - 14. Calculate the highest common divisor of u and 23.
23
Let d be (-2 - -7) + -4 + -210. Let f = 353 + d. Calculate the highest common divisor of 16 and f.
16
Let w(r) = -r**3 - 6*r**2 - 12*r - 26. Let z be w(-6). Calculate the greatest common divisor of 322 and z.
46
Suppose 5*f - 104 = 5*o + 81, 4*o = 5*f - 153. Let s be 2*(72/o)/((-2)/16). Calculate the highest common factor of s and 24.
12
Suppose -340 = -h - 3*h. Suppose -3*f + 3 = 0, 5*f - h = -4*s + 16. Let t = 40 - s. Calculate the highest common factor of 2 and t.
2
Suppose 0 = -4*q + 2*a + 56 + 46, 3*a = -q + 8. Let t(z) = z - 10. Let f be t(10). Suppose f = -4*s + 280 - 96. Calculate the greatest common factor of q and s.
23
Suppose -2*t = 2*o - 90, -o = 2*o + 5*t - 125. Let c = o + -45. Calculate the highest common divisor of 10 and c.
5
Let g = -628 - -640. Let d(m) = -3*m - 3. Let s be d(-5). Calculate the greatest common factor of g and s.
12
Suppose -5*k - 3*p - 15 + 35 = 0, -4*p - 8 = -2*k. Suppose -2*f + 56 = 2*o - 0*f, o - k*f = 8. Calculate the greatest common factor of 32 and o.
8
Let c(f) = f**3 + 4*f**2 - 5*f + 3. Let z be (-5 - -7 - 4)*-1. Let l be c(z). Calculate the greatest common divisor of l and 85.
17
Let w(z) = 2*z**3 - 6*z**2 - 11*z - 18. Let o be w(6). Calculate the greatest common divisor of 33 and o.
33
Let i be -6 - (-6 - -3)*6. Calculate the highest common factor of i and 588.
12
Let b = 13 - 0. Let q(g) = g**3 - 13*g**2 + 3*g - 10. Let h be q(b). Calculate the greatest common divisor of h and 203.
29
Let c(z) = z**2 - 12*z + 12. Let r be c(12). Suppose r = o - 4. Calculate the highest common factor of 64 and o.
16
Suppose -3*t = 5*j - 12, 5*j = 2*t + 8 + 9. Suppose -y + 3*y = -j*l + 63, -3*l + 5*y + 63 = 0. What is the highest common factor of l and 21?
21
Let n be -6 + 60/6 + (7 - 1). Let l(x) = -x**3 + 15*x**2 + 24*x - 18. Let y be l(16). Calculate the greatest common divisor of y and n.
10
Let n = -823 - -859. What is the highest common divisor of 444 and n?
12
Let n(f) = -33*f + 2. Let l be n(-2). Suppose 2*r = 4*z - 2*z - 42, 16 = -4*r. Calculate the highest common divisor of z and l.
17
Suppose -3*h + z + 77 = 0, h + 4*z = 3*h - 58. What is the highest common factor of h and 85?
5
Suppose 0*g + 2*g = 270. Let w = -71 + g. Let r(x) = -5*x + 113. Let b be r(21). What is the highest common divisor of b and w?
8
Let l(p) = 4*p + 4. Let b be l(3). Let g(j) = -7*j + 52. Let c be g(6). Let k be 2/(c/(-4) - -3). Calculate the greatest common factor of k and b.
4
Let d = 110 + -98. Let x(t) = -t**3 - 11*t**2 + 13*t + 16. Let a be x(-12). What is the highest common factor of a and d?
4
Let q be -2*(-